ime factors of 62874.
2, 3, 7, 499
What are the prime factors of 398?
2, 199
What are the prime factors of 1547?
7, 13, 17
List the prime factors of 1123.
1123
What are the prime factors of 1298?
2, 11, 59
List the prime factors of 9661.
9661
What are the prime factors of 274?
2, 137
List the prime factors of 3226.
2, 1613
What are the prime factors of 2237?
2237
What are the prime factors of 3510?
2, 3, 5, 13
What are the prime factors of 12596?
2, 47, 67
What are the prime factors of 4078?
2, 2039
List the prime factors of 23088.
2, 3, 13, 37
List the prime factors of 3854.
2, 41, 47
What are the prime factors of 526?
2, 263
List the prime factors of 34054.
2, 17027
What are the prime factors of 1684?
2, 421
What are the prime factors of 872?
2, 109
List the prime factors of 5993.
13, 461
List the prime factors of 404.
2, 101
What are the prime factors of 20057?
31, 647
List the prime factors of 27744.
2, 3, 17
List the prime factors of 205.
5, 41
List the prime factors of 10100.
2, 5, 101
What are the prime factors of 113?
113
List the prime factors of 7171.
71, 101
List the prime factors of 59766.
2, 3, 7, 1423
What are the prime factors of 18005?
5, 13, 277
What are the prime factors of 3533?
3533
List the prime factors of 49143.
3, 16381
List the prime factors of 2976.
2, 3, 31
List the prime factors of 19376.
2, 7, 173
What are the prime factors of 29527?
29527
List the prime factors of 67352.
2, 8419
What are the prime factors of 14635?
5, 2927
What are the prime factors of 83120?
2, 5, 1039
List the prime factors of 1864.
2, 233
What are the prime factors of 2739?
3, 11, 83
List the prime factors of 633.
3, 211
What are the prime factors of 40685?
5, 79, 103
List the prime factors of 2574.
2, 3, 11, 13
List the prime factors of 3151.
23, 137
List the prime factors of 29727.
3, 367
List the prime factors of 34954.
2, 17477
List the prime factors of 4632.
2, 3, 193
List the prime factors of 1413.
3, 157
What are the prime factors of 129979?
19, 6841
What are the prime factors of 1077?
3, 359
List the prime factors of 106813.
7, 15259
List the prime factors of 53549.
53549
List the prime factors of 2437.
2437
What are the prime factors of 9942?
2, 3, 1657
List the prime factors of 3322.
2, 11, 151
What are the prime factors of 77?
7, 11
What are the prime factors of 131?
131
What are the prime factors of 12488?
2, 7, 223
What are the prime factors of 1049?
1049
What are the prime factors of 5391?
3, 599
List the prime factors of 61824.
2, 3, 7, 23
What are the prime factors of 19322?
2, 9661
List the prime factors of 9493.
11, 863
List the prime factors of 154.
2, 7, 11
What are the prime factors of 3547?
3547
List the prime factors of 456.
2, 3, 19
List the prime factors of 1501.
19, 79
What are the prime factors of 538?
2, 269
List the prime factors of 14515.
5, 2903
List the prime factors of 2694.
2, 3, 449
What are the prime factors of 110350?
2, 5, 2207
What are the prime factors of 119?
7, 17
What are the prime factors of 9664?
2, 151
List the prime factors of 18294.
2, 3, 3049
List the prime factors of 1216.
2, 19
What are the prime factors of 811?
811
List the prime factors of 3269.
7, 467
What are the prime factors of 2512?
2, 157
What are the prime factors of 10513?
10513
List the prime factors of 1574.
2, 787
What are the prime factors of 2595?
3, 5, 173
List the prime factors of 30036.
2, 3, 2503
List the prime factors of 6462.
2, 3, 359
What are the prime factors of 22540?
2, 5, 7, 23
What are the prime factors of 11208?
2, 3, 467
List the prime factors of 489.
3, 163
List the prime factors of 27685.
5, 7, 113
What are the prime factors of 1636?
2, 409
List the prime factors of 1471.
1471
What are the prime factors of 1885?
5, 13, 29
What are the prime factors of 40?
2, 5
List the prime factors of 147591.
3, 23, 31
What are the prime factors of 3091?
11, 281
List the prime factors of 4967.
4967
List the prime factors of 14339.
13, 1103
List the prime factors of 3292.
2, 823
What are the prime factors of 6490?
2, 5, 11, 59
List the prime factors of 33125.
5, 53
List the prime factors of 1586.
2, 13, 61
List the prime factors of 42302.
2, 13, 1627
List the prime factors of 368.
2, 23
What are the prime factors of 33615?
3, 5, 83
List the prime factors of 7751.
23, 337
What are the prime factors of 15481?
113, 137
List the prime factors of 52904.
2, 17, 389
List the prime factors of 35857.
23, 1559
List the prime factors of 19540.
2, 5, 977
What are the prime factors of 5920?
2, 5, 37
List the prime factors of 7739.
71, 109
List the prime factors of 605.
5, 11
What are the prime factors of 35359?
19, 1861
List the prime factors of 29716.
2, 17, 19, 23
List the prime factors of 10592.
2, 331
List the prime factors of 1911.
3, 7, 13
What are the prime factors of 580?
2, 5, 29
List the prime factors of 826.
2, 7, 59
List the prime factors of 3314.
2, 1657
What are the prime factors of 203206?
2, 101603
What are the prime factors of 1055?
5, 211
What are the prime factors of 5057?
13, 389
What are the prime factors of 1701?
3, 7
What are the prime factors of 29834?
2, 7, 2131
List the prime factors of 910.
2, 5, 7, 13
List the prime factors of 2818.
2, 1409
List the prime factors of 55507.
47, 1181
List the prime factors of 11920.
2, 5, 149
List the prime factors of 1575.
3, 5, 7
What are the prime factors of 82585?
5, 83, 199
List the prime factors of 7053.
3, 2351
What are the prime factors of 9727?
71, 137
What are the prime factors of 25191?
3, 311
What are the prime factors of 1406?
2, 19, 37
What are the prime factors of 441?
3, 7
List the prime factors of 1133.
11, 103
List the prime factors of 104270.
2, 5, 10427
What are the prime factors of 15533?
7, 317
What are the prime factors of 34026?
2, 3, 53, 107
What are the prime factors of 4735?
5, 947
List the prime factors of 1464.
2, 3, 61
List the prime factors of 1322.
2, 661
List the prime factors of 2398.
2, 11, 109
List the prime factors of 2183.
37, 59
What are the prime factors of 74799?
3, 8311
What are the prime factors of 4041?
3, 449
List the prime factors of 9050.
2, 5, 181
What are the prime factors of 1395?
3, 5, 31
List the prime factors of 287.
7, 41
List the prime factors of 75363.
3, 25121
What are the prime factors of 1668?
2, 3, 139
List the prime factors of 1111.
11, 101
What are the prime factors of 25735?
5, 5147
List the prime factors of 700.
2, 5, 7
What are the prime factors of 113292?
2, 3, 1049
List the prime factors of 184448.
2, 11, 131
What are the prime factors of 46553?
13, 3581
List the prime factors of 532.
2, 7, 19
List the prime factors of 5132.
2, 1283
What are the prime factors of 11273?
11273
List the prime factors of 3333.
3, 11, 101
List the prime factors of 98584.
2, 12323
List the prime factors of 7739.
71, 109
What are the prime factors of 11544?
2, 3, 13, 37
List the prime factors of 22457.
17, 1321
What are the prime factors of 3201?
3, 11, 97
What are the prime factors of 293?
293
What are the prime factors of 190?
2, 5, 19
List the prime factors of 1905.
3, 5, 127
What are the prime factors of 97459?
97459
List the prime factors of 1550.
2, 5, 31
What are the prime factors of 7492?
2, 1873
List the prime factors of 1221.
3, 11, 37
List the prime factors of 22575.
3, 5, 7, 43
List the prime factors of 10973.
10973
What are the prime factors of 14876?
2, 3719
What are the prime factors of 499?
499
What are the prime factors of 8082?
2, 3, 449
What are the prime factors of 6075?
3, 5
What are the prime factors of 22460?
2, 5, 1123
What are the prime factors of 8324?
2, 2081
List the prime factors of 53805.
3, 5, 17, 211
List the prime factors of 3269.
7, 467
What are the prime factors of 57905?
5, 37, 313
List the prime factors of 890.
2, 5, 89
List the prime factors of 1295.
5, 7, 37
List the prime factors of 16064.
2, 251
List the prime factors of 2903.
2903
List the prime factors of 1262.
2, 631
List the prime factors of 12659.
12659
What are the prime factors of 11990?
2, 5, 11, 109
List the prime factors of 1499.
1499
What are the prime factors of 2730?
2, 3, 5, 7, 13
What are the prime factors of 20536?
2, 17, 151
List the prime factors of 2411.
2411
What are the prime factors of 9428?
2, 2357
List the prime factors of